{"id":19,"date":"2015-07-08T17:36:05","date_gmt":"2015-07-08T16:36:05","guid":{"rendered":"http:\/\/www.sectionclinique-rennes.fr\/nuevo\/?page_id=19"},"modified":"2025-08-11T14:23:28","modified_gmt":"2025-08-11T13:23:28","slug":"themes","status":"publish","type":"page","link":"http:\/\/www.sectionclinique-rennes.fr\/nuevo\/themes\/","title":{"rendered":"Th\u00e8mes"},"content":{"rendered":"<p>Vous trouverez dans cette section l&rsquo;ensemble des th\u00e8mes des ann\u00e9es pr\u00e9c\u00e9dentes comprenant les arguments, affiches et historique des conf\u00e9rences, ainsi que le th\u00e8me de l&rsquo;ann\u00e9e.<\/p>\n<p>&nbsp;<\/p>\n<h3><span style=\"color: #ffcc00;\"><strong>Historique des th\u00e8mes des ann\u00e9es pr\u00e9c\u00e9dentes :<\/strong><\/span><\/h3>\n<p>&nbsp;<\/p>\n<ul>\n<li>2006-2007 : <a href=\"http:\/\/www.sectionclinique-rennes.fr\/nuevo\/themes\/annees-precedentes\/2006-2007\/\">Clinique des d\u00e9lires<\/a><\/li>\n<li>2007-2008 : <a href=\"http:\/\/www.sectionclinique-rennes.fr\/nuevo\/themes\/annees-precedentes\/2007-2008\/\">Clinique psychanalytique des d\u00e9pressions<\/a><\/li>\n<li>2008-2009 : <a href=\"http:\/\/www.sectionclinique-rennes.fr\/nuevo\/themes\/annees-precedentes\/2008-2009\/\">N\u00e9vrose et perversion<\/a><\/li>\n<li>2009-2010 : <a href=\"http:\/\/www.sectionclinique-rennes.fr\/nuevo\/themes\/annees-precedentes\/2009-2010\/\">La question de l&rsquo;hyst\u00e9rie et la question du p\u00e8re dans la clinique<\/a><\/li>\n<li>2010-2011 : <a href=\"http:\/\/www.sectionclinique-rennes.fr\/nuevo\/themes\/annees-precedentes\/2010-2011-2\/\">Forclusion g\u00e9n\u00e9ralis\u00e9e<\/a><\/li>\n<li>2011-2012 : <a href=\"http:\/\/www.sectionclinique-rennes.fr\/nuevo\/themes\/annees-precedentes\/2011-2012\/\">Que fait-on du sympt\u00f4me?<\/a><\/li>\n<li>2012-2013 : <a href=\"http:\/\/www.sectionclinique-rennes.fr\/nuevo\/themes\/annees-precedentes\/2012-2013\/\">L&rsquo;inconscient et le corps<\/a><\/li>\n<li>2013-2014 : <a href=\"http:\/\/www.sectionclinique-rennes.fr\/nuevo\/themes\/annees-precedentes\/2013-2014\/\">Les paradoxes du d\u00e9sir<\/a><\/li>\n<li>2014-2015 : <a href=\"http:\/\/www.sectionclinique-rennes.fr\/nuevo\/themes\/annees-precedentes\/2014-2015\/\">Figures de l&rsquo;Autre dans la clinique analytique<\/a><\/li>\n<li>2015-2016 : <a href=\"http:\/\/www.sectionclinique-rennes.fr\/nuevo\/themes\/theme-de-lannee\/\" target=\"_blank\" rel=\"noopener\">Le corps parlant et ses pulsions au XXI\u00e8me si\u00e8cle<\/a><\/li>\n<li>2016-2017:<span style=\"font-family: 'Century Gothic', AppleGothic, sans-serif;\">\u00a0<\/span><a href=\"http:\/\/www.sectionclinique-rennes.fr\/nuevo\/themes\/annee-2016-2017\/\" target=\"_blank\" rel=\"noopener\">L&rsquo;imaginaire et l&rsquo;objet dans la clinique analytique<\/a><\/li>\n<li>2017-2018 : <a href=\"http:\/\/www.sectionclinique-rennes.fr\/nuevo\/themes\/edition-2017-2018\/\">Comment s&rsquo;orienter dans la clinique ; Pragmatique contemporaine des psychoses sous transfert<\/a><\/li>\n<li>2018-2019: Comment s\u2019orienter dans la clinique? Le caract\u00e8re transindividuel de l\u2019inconscient.<\/li>\n<li>2019-2020: Comment s\u2019orienter dans la clinique? L\u2019exp\u00e9rience analytique aujourd\u2019hui.<\/li>\n<li>2020-2021: Comment s\u2019orienter dans la clinique? Retour sur I<em>nhibition, sympt\u00f4me et angoisse<\/em>.<\/li>\n<li>2021-2022: <a href=\"http:\/\/www.sectionclinique-rennes.fr\/nuevo\/etudes\/la-section-clinique\/edition-2020-2021\/\">Le transfert dans l&rsquo;\u00e9coute analytique<\/a><\/li>\n<li>2022-2023: La clinique lacanienne : retour sur les fondamentaux. La psychanalyse serait-elle l&rsquo;avenir de la psychiatrie?<\/li>\n<li>2023-2024: Consid\u00e9rations actuelles sur la vie et la mort. Quelles incidences sur la clinique analytique?<\/li>\n<li>2024-2025: Comment s\u2019orienter dans la clinique? Diversit\u00e9 des d\u00e9pressions<\/li>\n<\/ul>\n<p>&nbsp;<\/p>\n<h6 style=\"font-weight: 400;\"><strong><em>Derni\u00e8re modification : 11\/08\/2025<\/em><\/strong><\/h6>\n","protected":false},"excerpt":{"rendered":"<p>Vous trouverez dans cette section l&rsquo;ensemble des th\u00e8mes des ann\u00e9es pr\u00e9c\u00e9dentes comprenant les arguments, affiches et historique des conf\u00e9rences, ainsi que le th\u00e8me de l&rsquo;ann\u00e9e. &nbsp; Historique des th\u00e8mes des ann\u00e9es pr\u00e9c\u00e9dentes : &nbsp; 2006-2007 : Clinique des d\u00e9lires 2007-2008 : Clinique psychanalytique des d\u00e9pressions 2008-2009 : N\u00e9vrose et perversion\u2026<\/p>\n<p> <a class=\"continue-reading-link\" href=\"http:\/\/www.sectionclinique-rennes.fr\/nuevo\/themes\/\"><span>Continue reading<\/span><i class=\"crycon-right-dir\"><\/i><\/a> <\/p>\n","protected":false},"author":5,"featured_media":0,"parent":0,"menu_order":3,"comment_status":"closed","ping_status":"closed","template":"","meta":{"_monsterinsights_skip_tracking":false,"_monsterinsights_sitenote_active":false,"_monsterinsights_sitenote_note":"","_monsterinsights_sitenote_category":0,"footnotes":""},"class_list":["post-19","page","type-page","status-publish","hentry"],"yoast_head":"<!-- This site is optimized with the Yoast SEO plugin v25.5 - https:\/\/yoast.com\/wordpress\/plugins\/seo\/ -->\n<title>Th\u00e8mes - La Section clinique de Rennes<\/title>\n<meta name=\"robots\" content=\"index, follow, max-snippet:-1, max-image-preview:large, max-video-preview:-1\" \/>\n<link rel=\"canonical\" href=\"https:\/\/www.sectionclinique-rennes.fr\/nuevo\/themes\/\" \/>\n<meta property=\"og:locale\" content=\"fr_FR\" \/>\n<meta property=\"og:type\" content=\"article\" \/>\n<meta property=\"og:title\" content=\"Th\u00e8mes - La Section clinique de Rennes\" \/>\n<meta property=\"og:description\" content=\"Vous trouverez dans cette section l&rsquo;ensemble des th\u00e8mes des ann\u00e9es pr\u00e9c\u00e9dentes comprenant les arguments, affiches et historique des conf\u00e9rences, ainsi que le th\u00e8me de l&rsquo;ann\u00e9e. &nbsp; Historique des th\u00e8mes des ann\u00e9es pr\u00e9c\u00e9dentes : &nbsp; 2006-2007 : Clinique des d\u00e9lires 2007-2008 : Clinique psychanalytique des d\u00e9pressions 2008-2009 : N\u00e9vrose et perversion\u2026 Continue reading\" \/>\n<meta property=\"og:url\" content=\"https:\/\/www.sectionclinique-rennes.fr\/nuevo\/themes\/\" \/>\n<meta property=\"og:site_name\" content=\"La Section clinique de Rennes\" \/>\n<meta property=\"article:modified_time\" content=\"2025-08-11T13:23:28+00:00\" \/>\n<meta name=\"twitter:card\" content=\"summary_large_image\" \/>\n<meta name=\"twitter:label1\" content=\"Dur\u00e9e de lecture estim\u00e9e\" \/>\n\t<meta name=\"twitter:data1\" content=\"1 minute\" \/>\n<script type=\"application\/ld+json\" class=\"yoast-schema-graph\">{\"@context\":\"https:\/\/schema.org\",\"@graph\":[{\"@type\":\"WebPage\",\"@id\":\"https:\/\/www.sectionclinique-rennes.fr\/nuevo\/themes\/\",\"url\":\"https:\/\/www.sectionclinique-rennes.fr\/nuevo\/themes\/\",\"name\":\"Th\u00e8mes - La Section clinique de Rennes\",\"isPartOf\":{\"@id\":\"http:\/\/www.sectionclinique-rennes.fr\/nuevo\/#website\"},\"datePublished\":\"2015-07-08T16:36:05+00:00\",\"dateModified\":\"2025-08-11T13:23:28+00:00\",\"breadcrumb\":{\"@id\":\"https:\/\/www.sectionclinique-rennes.fr\/nuevo\/themes\/#breadcrumb\"},\"inLanguage\":\"fr-FR\",\"potentialAction\":[{\"@type\":\"ReadAction\",\"target\":[\"https:\/\/www.sectionclinique-rennes.fr\/nuevo\/themes\/\"]}]},{\"@type\":\"BreadcrumbList\",\"@id\":\"https:\/\/www.sectionclinique-rennes.fr\/nuevo\/themes\/#breadcrumb\",\"itemListElement\":[{\"@type\":\"ListItem\",\"position\":1,\"name\":\"Accueil\",\"item\":\"http:\/\/www.sectionclinique-rennes.fr\/nuevo\/\"},{\"@type\":\"ListItem\",\"position\":2,\"name\":\"Th\u00e8mes\"}]},{\"@type\":\"WebSite\",\"@id\":\"http:\/\/www.sectionclinique-rennes.fr\/nuevo\/#website\",\"url\":\"http:\/\/www.sectionclinique-rennes.fr\/nuevo\/\",\"name\":\"La Section clinique de Rennes\",\"description\":\"Association UFORCA\",\"publisher\":{\"@id\":\"http:\/\/www.sectionclinique-rennes.fr\/nuevo\/#organization\"},\"potentialAction\":[{\"@type\":\"SearchAction\",\"target\":{\"@type\":\"EntryPoint\",\"urlTemplate\":\"http:\/\/www.sectionclinique-rennes.fr\/nuevo\/?s={search_term_string}\"},\"query-input\":{\"@type\":\"PropertyValueSpecification\",\"valueRequired\":true,\"valueName\":\"search_term_string\"}}],\"inLanguage\":\"fr-FR\"},{\"@type\":\"Organization\",\"@id\":\"http:\/\/www.sectionclinique-rennes.fr\/nuevo\/#organization\",\"name\":\"Section clinique de Rennes - Association UFORCA\",\"url\":\"http:\/\/www.sectionclinique-rennes.fr\/nuevo\/\",\"logo\":{\"@type\":\"ImageObject\",\"inLanguage\":\"fr-FR\",\"@id\":\"http:\/\/www.sectionclinique-rennes.fr\/nuevo\/#\/schema\/logo\/image\/\",\"url\":\"http:\/\/www.sectionclinique-rennes.fr\/nuevo\/wp-content\/uploads\/2015\/08\/logo.png\",\"contentUrl\":\"http:\/\/www.sectionclinique-rennes.fr\/nuevo\/wp-content\/uploads\/2015\/08\/logo.png\",\"width\":1199,\"height\":276,\"caption\":\"Section clinique de Rennes - Association UFORCA\"},\"image\":{\"@id\":\"http:\/\/www.sectionclinique-rennes.fr\/nuevo\/#\/schema\/logo\/image\/\"}}]}<\/script>\n<!-- \/ Yoast SEO plugin. -->","yoast_head_json":{"title":"Th\u00e8mes - La Section clinique de Rennes","robots":{"index":"index","follow":"follow","max-snippet":"max-snippet:-1","max-image-preview":"max-image-preview:large","max-video-preview":"max-video-preview:-1"},"canonical":"https:\/\/www.sectionclinique-rennes.fr\/nuevo\/themes\/","og_locale":"fr_FR","og_type":"article","og_title":"Th\u00e8mes - La Section clinique de Rennes","og_description":"Vous trouverez dans cette section l&rsquo;ensemble des th\u00e8mes des ann\u00e9es pr\u00e9c\u00e9dentes comprenant les arguments, affiches et historique des conf\u00e9rences, ainsi que le th\u00e8me de l&rsquo;ann\u00e9e. &nbsp; Historique des th\u00e8mes des ann\u00e9es pr\u00e9c\u00e9dentes : &nbsp; 2006-2007 : Clinique des d\u00e9lires 2007-2008 : Clinique psychanalytique des d\u00e9pressions 2008-2009 : N\u00e9vrose et perversion\u2026 Continue reading","og_url":"https:\/\/www.sectionclinique-rennes.fr\/nuevo\/themes\/","og_site_name":"La Section clinique de Rennes","article_modified_time":"2025-08-11T13:23:28+00:00","twitter_card":"summary_large_image","twitter_misc":{"Dur\u00e9e de lecture estim\u00e9e":"1 minute"},"schema":{"@context":"https:\/\/schema.org","@graph":[{"@type":"WebPage","@id":"https:\/\/www.sectionclinique-rennes.fr\/nuevo\/themes\/","url":"https:\/\/www.sectionclinique-rennes.fr\/nuevo\/themes\/","name":"Th\u00e8mes - La Section clinique de Rennes","isPartOf":{"@id":"http:\/\/www.sectionclinique-rennes.fr\/nuevo\/#website"},"datePublished":"2015-07-08T16:36:05+00:00","dateModified":"2025-08-11T13:23:28+00:00","breadcrumb":{"@id":"https:\/\/www.sectionclinique-rennes.fr\/nuevo\/themes\/#breadcrumb"},"inLanguage":"fr-FR","potentialAction":[{"@type":"ReadAction","target":["https:\/\/www.sectionclinique-rennes.fr\/nuevo\/themes\/"]}]},{"@type":"BreadcrumbList","@id":"https:\/\/www.sectionclinique-rennes.fr\/nuevo\/themes\/#breadcrumb","itemListElement":[{"@type":"ListItem","position":1,"name":"Accueil","item":"http:\/\/www.sectionclinique-rennes.fr\/nuevo\/"},{"@type":"ListItem","position":2,"name":"Th\u00e8mes"}]},{"@type":"WebSite","@id":"http:\/\/www.sectionclinique-rennes.fr\/nuevo\/#website","url":"http:\/\/www.sectionclinique-rennes.fr\/nuevo\/","name":"La Section clinique de Rennes","description":"Association UFORCA","publisher":{"@id":"http:\/\/www.sectionclinique-rennes.fr\/nuevo\/#organization"},"potentialAction":[{"@type":"SearchAction","target":{"@type":"EntryPoint","urlTemplate":"http:\/\/www.sectionclinique-rennes.fr\/nuevo\/?s={search_term_string}"},"query-input":{"@type":"PropertyValueSpecification","valueRequired":true,"valueName":"search_term_string"}}],"inLanguage":"fr-FR"},{"@type":"Organization","@id":"http:\/\/www.sectionclinique-rennes.fr\/nuevo\/#organization","name":"Section clinique de Rennes - Association UFORCA","url":"http:\/\/www.sectionclinique-rennes.fr\/nuevo\/","logo":{"@type":"ImageObject","inLanguage":"fr-FR","@id":"http:\/\/www.sectionclinique-rennes.fr\/nuevo\/#\/schema\/logo\/image\/","url":"http:\/\/www.sectionclinique-rennes.fr\/nuevo\/wp-content\/uploads\/2015\/08\/logo.png","contentUrl":"http:\/\/www.sectionclinique-rennes.fr\/nuevo\/wp-content\/uploads\/2015\/08\/logo.png","width":1199,"height":276,"caption":"Section clinique de Rennes - Association UFORCA"},"image":{"@id":"http:\/\/www.sectionclinique-rennes.fr\/nuevo\/#\/schema\/logo\/image\/"}}]}},"_links":{"self":[{"href":"http:\/\/www.sectionclinique-rennes.fr\/nuevo\/wp-json\/wp\/v2\/pages\/19","targetHints":{"allow":["GET"]}}],"collection":[{"href":"http:\/\/www.sectionclinique-rennes.fr\/nuevo\/wp-json\/wp\/v2\/pages"}],"about":[{"href":"http:\/\/www.sectionclinique-rennes.fr\/nuevo\/wp-json\/wp\/v2\/types\/page"}],"author":[{"embeddable":true,"href":"http:\/\/www.sectionclinique-rennes.fr\/nuevo\/wp-json\/wp\/v2\/users\/5"}],"replies":[{"embeddable":true,"href":"http:\/\/www.sectionclinique-rennes.fr\/nuevo\/wp-json\/wp\/v2\/comments?post=19"}],"version-history":[{"count":19,"href":"http:\/\/www.sectionclinique-rennes.fr\/nuevo\/wp-json\/wp\/v2\/pages\/19\/revisions"}],"predecessor-version":[{"id":3476,"href":"http:\/\/www.sectionclinique-rennes.fr\/nuevo\/wp-json\/wp\/v2\/pages\/19\/revisions\/3476"}],"wp:attachment":[{"href":"http:\/\/www.sectionclinique-rennes.fr\/nuevo\/wp-json\/wp\/v2\/media?parent=19"}],"curies":[{"name":"wp","href":"https:\/\/api.w.org\/{rel}","templated":true}]}}