{"id":295,"date":"2015-08-27T09:51:16","date_gmt":"2015-08-27T08:51:16","guid":{"rendered":"http:\/\/www.sectionclinique-rennes.fr\/nuevo\/?page_id=295"},"modified":"2015-09-24T18:06:26","modified_gmt":"2015-09-24T17:06:26","slug":"seminaire-theorique","status":"publish","type":"page","link":"http:\/\/www.sectionclinique-rennes.fr\/nuevo\/themes\/2006-2007\/seminaire-theorique\/","title":{"rendered":"S\u00e9minaires th\u00e9oriques"},"content":{"rendered":"<p>&nbsp;<\/p>\n<h3 style=\"text-align: justify;\"><span style=\"color: #018080;\"><strong>\u00ab\u00a0D\u2019une question pr\u00e9liminaire \u00e0 tout traitement possible dans la psychose\u00a0\u00bb<\/strong><\/span><\/h3>\n<p>&nbsp;<\/p>\n<p style=\"text-align: justify;\">C\u2019est particuli\u00e8rement en fonction de la doctrine dite de la \u00ab\u00a0psychose ordinaire\u00a0\u00bb, propos\u00e9e par Jacques-Alain Miller au cours de trois conversations tenues \u00e0 Angers, Arcachon et Antibes, que nous sommes amen\u00e9s \u00e0 reprendre l\u2019\u00e9tude du texte des Ecrits : \u00ab\u00a0D\u2019une question pr\u00e9liminaire \u00e0 tout traitement possible de la psychose\u00a0\u00bb. Ces conversations portaient respectivement pour titres : \u00ab\u00a0Effets de surprise dans les psychoses\u00a0\u00bb, \u00ab\u00a0Les inclassables de la Clinique\u00a0\u00bb et \u00ab\u00a0La psychose ordinaire\u00a0\u00bb.<\/p>\n<p style=\"text-align: justify;\">De mani\u00e8re tr\u00e8s concr\u00e8te, en s\u2019appuyant sur des cas, ces conversations ont profond\u00e9ment remani\u00e9 notre pens\u00e9e de la clinique des psychoses. Elles v\u00e9rifiaient l\u2019hypoth\u00e8se formul\u00e9e par Jacques-Alain Miller dans son cours d\u00e8s 1986, hypoth\u00e8se dite \u00ab\u00a0de la forclusion g\u00e9n\u00e9ralis\u00e9e\u00a0\u00bb. La derni\u00e8re de ces conversations, celle d\u2019Antibes, date de 9 ans. Or, dans la pratique quotidienne, nous avons de plus en plus souvent \u00e0 faire \u00e0 des cas que nous aurions dit \u00ab\u00a0inclassables\u00a0\u00bb il y a plus de 10 ans, et o\u00f9 nous rep\u00e9rons aujourd\u2019hui ais\u00e9ment une psychose \u00ab\u00a0non d\u00e9clench\u00e9e\u00a0\u00bb. Il reste par ailleurs une clinique de la psychose d\u00e9clench\u00e9e qui a sa sp\u00e9cificit\u00e9.<\/p>\n<p style=\"text-align: justify;\">Il s\u2019agit cependant pour nous de rendre compte du passage d\u2019une clinique discontinue de la psychose (qui oppose les cas de forclusion du Nom-du-P\u00e8re aux autres qui seraient des n\u00e9vroses ?) \u00e0 la clinique continuiste contemporaine. Joyce, le Sinthome, le S\u00e9minaire XXIII de Lacan donne sur ce point, et en d\u00e9pit des apparences, des indications cliniques pr\u00e9cieuses. Elles ont \u00e9t\u00e9 bien souvent comment\u00e9es, dans l\u2019ann\u00e9e qui a suivi la publication du S\u00e9minaire, ainsi qu\u2019au Congr\u00e8s de l\u2019AMP \u00e0 Rome.<\/p>\n<p style=\"text-align: justify;\">C\u2019est \u00e0 partir de ces points que nous nous proposons de relire la premi\u00e8re grande avanc\u00e9e de Lacan sur la psychose. Notamment sous deux angles : celui d\u2019une clinique du parl\u00eatre, qui fait appara\u00eetre dans le texte de Lacan de multiples remarques sur la pr\u00e9\u00e9minence du rapport du sujet au langage dans l\u2019exp\u00e9rience psychotique, et celui du sujet de la pulsion car, l\u00e0 aussi, le texte donne de pr\u00e9cieuses indications sur la jouissance de l\u2019Autre, sp\u00e9cialement ce qui concerne la psychose parano\u00efaque.<\/p>\n<p style=\"text-align: justify;\">Nous nous efforcerons de retraduire la premi\u00e8re clinique de Lacan, qui \u00e9tait une clinique de l\u2019identification, dans les termes de la troisi\u00e8me clinique qui est celle du Sympt\u00f4me. Nous nous apercevrons alors que bien loin de constituer une sorte de zone ind\u00e9cise entre la clinique de la n\u00e9vrose et celle de la psychose (comme c\u2019est le cas dans la promotion du concept de border-line), la psychose ordinaire permet de mieux cerner ce qui, chez un sujet donn\u00e9, est atteint &#8211; de l&rsquo;imaginaire, du symbolique ou du lien du r\u00e9el &#8211; aux autres registres, afin de penser \u00e0 d\u2019autres suppl\u00e9ances que celles qui \u00e9maneraient du Nom-du-P\u00e8re. Nous nous appuierons en particulier Sur le texte d\u2019Eric Laurent \u00ab\u00a0Interpr\u00e9ter la psychose au quotidien\u00a0\u00bb, paru dans la revue Mental N\u00b015, qui rend particuli\u00e8rement compte d\u2019une direction de la cure du sujet psychotique ou psychos\u00e9 ordinaire.<\/p>\n<hr \/>\n<p style=\"text-align: justify;\"><span style=\"color: #018080;\">Liens vers les autres pages du th\u00e8me :<\/span><\/p>\n<p style=\"text-align: justify;\"><a href=\"http:\/\/www.sectionclinique-rennes.fr\/nuevo\/themes\/2006-2007\/les-seminaires-de-texte\/\" target=\"_blank\">S\u00e9minaires de textes<\/a><\/p>\n","protected":false},"excerpt":{"rendered":"<p>&nbsp; \u00ab\u00a0D\u2019une question pr\u00e9liminaire \u00e0 tout traitement possible dans la psychose\u00a0\u00bb &nbsp; C\u2019est particuli\u00e8rement en fonction de la doctrine dite de la \u00ab\u00a0psychose ordinaire\u00a0\u00bb, propos\u00e9e par Jacques-Alain Miller au cours de trois conversations tenues \u00e0 Angers, Arcachon et Antibes, que nous sommes amen\u00e9s \u00e0 reprendre l\u2019\u00e9tude du texte des Ecrits\u2026<\/p>\n<p> <a class=\"continue-reading-link\" href=\"http:\/\/www.sectionclinique-rennes.fr\/nuevo\/themes\/2006-2007\/seminaire-theorique\/\"><span>Continue reading<\/span><i class=\"crycon-right-dir\"><\/i><\/a> <\/p>\n","protected":false},"author":5,"featured_media":0,"parent":69,"menu_order":0,"comment_status":"closed","ping_status":"closed","template":"","meta":{"_monsterinsights_skip_tracking":false,"_monsterinsights_sitenote_active":false,"_monsterinsights_sitenote_note":"","_monsterinsights_sitenote_category":0,"footnotes":""},"class_list":["post-295","page","type-page","status-publish","hentry"],"yoast_head":"<!-- This site is optimized with the Yoast SEO plugin v25.5 - https:\/\/yoast.com\/wordpress\/plugins\/seo\/ -->\n<title>S\u00e9minaires th\u00e9oriques - La Section clinique de Rennes<\/title>\n<meta name=\"robots\" content=\"index, follow, max-snippet:-1, max-image-preview:large, max-video-preview:-1\" \/>\n<link rel=\"canonical\" href=\"http:\/\/www.sectionclinique-rennes.fr\/nuevo\/themes\/2006-2007\/seminaire-theorique\/\" \/>\n<meta property=\"og:locale\" content=\"fr_FR\" \/>\n<meta property=\"og:type\" content=\"article\" \/>\n<meta property=\"og:title\" content=\"S\u00e9minaires th\u00e9oriques - La Section clinique de Rennes\" \/>\n<meta property=\"og:description\" content=\"&nbsp; \u00ab\u00a0D\u2019une question pr\u00e9liminaire \u00e0 tout traitement possible dans la psychose\u00a0\u00bb &nbsp; C\u2019est particuli\u00e8rement en fonction de la doctrine dite de la \u00ab\u00a0psychose ordinaire\u00a0\u00bb, propos\u00e9e par Jacques-Alain Miller au cours de trois conversations tenues \u00e0 Angers, Arcachon et Antibes, que nous sommes amen\u00e9s \u00e0 reprendre l\u2019\u00e9tude du texte des Ecrits\u2026 Continue reading\" \/>\n<meta property=\"og:url\" content=\"http:\/\/www.sectionclinique-rennes.fr\/nuevo\/themes\/2006-2007\/seminaire-theorique\/\" \/>\n<meta property=\"og:site_name\" content=\"La Section clinique de Rennes\" \/>\n<meta property=\"article:modified_time\" content=\"2015-09-24T17:06:26+00:00\" \/>\n<meta name=\"twitter:card\" content=\"summary_large_image\" \/>\n<meta name=\"twitter:label1\" content=\"Dur\u00e9e de lecture estim\u00e9e\" \/>\n\t<meta name=\"twitter:data1\" content=\"3 minutes\" \/>\n<script type=\"application\/ld+json\" class=\"yoast-schema-graph\">{\"@context\":\"https:\/\/schema.org\",\"@graph\":[{\"@type\":\"WebPage\",\"@id\":\"http:\/\/www.sectionclinique-rennes.fr\/nuevo\/themes\/2006-2007\/seminaire-theorique\/\",\"url\":\"http:\/\/www.sectionclinique-rennes.fr\/nuevo\/themes\/2006-2007\/seminaire-theorique\/\",\"name\":\"S\u00e9minaires th\u00e9oriques - La Section clinique de Rennes\",\"isPartOf\":{\"@id\":\"http:\/\/www.sectionclinique-rennes.fr\/nuevo\/#website\"},\"datePublished\":\"2015-08-27T08:51:16+00:00\",\"dateModified\":\"2015-09-24T17:06:26+00:00\",\"breadcrumb\":{\"@id\":\"http:\/\/www.sectionclinique-rennes.fr\/nuevo\/themes\/2006-2007\/seminaire-theorique\/#breadcrumb\"},\"inLanguage\":\"fr-FR\",\"potentialAction\":[{\"@type\":\"ReadAction\",\"target\":[\"http:\/\/www.sectionclinique-rennes.fr\/nuevo\/themes\/2006-2007\/seminaire-theorique\/\"]}]},{\"@type\":\"BreadcrumbList\",\"@id\":\"http:\/\/www.sectionclinique-rennes.fr\/nuevo\/themes\/2006-2007\/seminaire-theorique\/#breadcrumb\",\"itemListElement\":[{\"@type\":\"ListItem\",\"position\":1,\"name\":\"Accueil\",\"item\":\"http:\/\/www.sectionclinique-rennes.fr\/nuevo\/\"},{\"@type\":\"ListItem\",\"position\":2,\"name\":\"Th\u00e8mes\",\"item\":\"https:\/\/www.sectionclinique-rennes.fr\/nuevo\/themes\/\"},{\"@type\":\"ListItem\",\"position\":3,\"name\":\"2006-2007\",\"item\":\"https:\/\/www.sectionclinique-rennes.fr\/nuevo\/themes\/2006-2007\/\"},{\"@type\":\"ListItem\",\"position\":4,\"name\":\"S\u00e9minaires th\u00e9oriques\"}]},{\"@type\":\"WebSite\",\"@id\":\"http:\/\/www.sectionclinique-rennes.fr\/nuevo\/#website\",\"url\":\"http:\/\/www.sectionclinique-rennes.fr\/nuevo\/\",\"name\":\"La Section clinique de Rennes\",\"description\":\"Association UFORCA\",\"publisher\":{\"@id\":\"http:\/\/www.sectionclinique-rennes.fr\/nuevo\/#organization\"},\"potentialAction\":[{\"@type\":\"SearchAction\",\"target\":{\"@type\":\"EntryPoint\",\"urlTemplate\":\"http:\/\/www.sectionclinique-rennes.fr\/nuevo\/?s={search_term_string}\"},\"query-input\":{\"@type\":\"PropertyValueSpecification\",\"valueRequired\":true,\"valueName\":\"search_term_string\"}}],\"inLanguage\":\"fr-FR\"},{\"@type\":\"Organization\",\"@id\":\"http:\/\/www.sectionclinique-rennes.fr\/nuevo\/#organization\",\"name\":\"Section clinique de Rennes - Association UFORCA\",\"url\":\"http:\/\/www.sectionclinique-rennes.fr\/nuevo\/\",\"logo\":{\"@type\":\"ImageObject\",\"inLanguage\":\"fr-FR\",\"@id\":\"http:\/\/www.sectionclinique-rennes.fr\/nuevo\/#\/schema\/logo\/image\/\",\"url\":\"http:\/\/www.sectionclinique-rennes.fr\/nuevo\/wp-content\/uploads\/2015\/08\/logo.png\",\"contentUrl\":\"http:\/\/www.sectionclinique-rennes.fr\/nuevo\/wp-content\/uploads\/2015\/08\/logo.png\",\"width\":1199,\"height\":276,\"caption\":\"Section clinique de Rennes - Association UFORCA\"},\"image\":{\"@id\":\"http:\/\/www.sectionclinique-rennes.fr\/nuevo\/#\/schema\/logo\/image\/\"}}]}<\/script>\n<!-- \/ Yoast SEO plugin. -->","yoast_head_json":{"title":"S\u00e9minaires th\u00e9oriques - La Section clinique de Rennes","robots":{"index":"index","follow":"follow","max-snippet":"max-snippet:-1","max-image-preview":"max-image-preview:large","max-video-preview":"max-video-preview:-1"},"canonical":"http:\/\/www.sectionclinique-rennes.fr\/nuevo\/themes\/2006-2007\/seminaire-theorique\/","og_locale":"fr_FR","og_type":"article","og_title":"S\u00e9minaires th\u00e9oriques - La Section clinique de Rennes","og_description":"&nbsp; \u00ab\u00a0D\u2019une question pr\u00e9liminaire \u00e0 tout traitement possible dans la psychose\u00a0\u00bb &nbsp; C\u2019est particuli\u00e8rement en fonction de la doctrine dite de la \u00ab\u00a0psychose ordinaire\u00a0\u00bb, propos\u00e9e par Jacques-Alain Miller au cours de trois conversations tenues \u00e0 Angers, Arcachon et Antibes, que nous sommes amen\u00e9s \u00e0 reprendre l\u2019\u00e9tude du texte des Ecrits\u2026 Continue reading","og_url":"http:\/\/www.sectionclinique-rennes.fr\/nuevo\/themes\/2006-2007\/seminaire-theorique\/","og_site_name":"La Section clinique de Rennes","article_modified_time":"2015-09-24T17:06:26+00:00","twitter_card":"summary_large_image","twitter_misc":{"Dur\u00e9e de lecture estim\u00e9e":"3 minutes"},"schema":{"@context":"https:\/\/schema.org","@graph":[{"@type":"WebPage","@id":"http:\/\/www.sectionclinique-rennes.fr\/nuevo\/themes\/2006-2007\/seminaire-theorique\/","url":"http:\/\/www.sectionclinique-rennes.fr\/nuevo\/themes\/2006-2007\/seminaire-theorique\/","name":"S\u00e9minaires th\u00e9oriques - La Section clinique de Rennes","isPartOf":{"@id":"http:\/\/www.sectionclinique-rennes.fr\/nuevo\/#website"},"datePublished":"2015-08-27T08:51:16+00:00","dateModified":"2015-09-24T17:06:26+00:00","breadcrumb":{"@id":"http:\/\/www.sectionclinique-rennes.fr\/nuevo\/themes\/2006-2007\/seminaire-theorique\/#breadcrumb"},"inLanguage":"fr-FR","potentialAction":[{"@type":"ReadAction","target":["http:\/\/www.sectionclinique-rennes.fr\/nuevo\/themes\/2006-2007\/seminaire-theorique\/"]}]},{"@type":"BreadcrumbList","@id":"http:\/\/www.sectionclinique-rennes.fr\/nuevo\/themes\/2006-2007\/seminaire-theorique\/#breadcrumb","itemListElement":[{"@type":"ListItem","position":1,"name":"Accueil","item":"http:\/\/www.sectionclinique-rennes.fr\/nuevo\/"},{"@type":"ListItem","position":2,"name":"Th\u00e8mes","item":"https:\/\/www.sectionclinique-rennes.fr\/nuevo\/themes\/"},{"@type":"ListItem","position":3,"name":"2006-2007","item":"https:\/\/www.sectionclinique-rennes.fr\/nuevo\/themes\/2006-2007\/"},{"@type":"ListItem","position":4,"name":"S\u00e9minaires th\u00e9oriques"}]},{"@type":"WebSite","@id":"http:\/\/www.sectionclinique-rennes.fr\/nuevo\/#website","url":"http:\/\/www.sectionclinique-rennes.fr\/nuevo\/","name":"La Section clinique de Rennes","description":"Association UFORCA","publisher":{"@id":"http:\/\/www.sectionclinique-rennes.fr\/nuevo\/#organization"},"potentialAction":[{"@type":"SearchAction","target":{"@type":"EntryPoint","urlTemplate":"http:\/\/www.sectionclinique-rennes.fr\/nuevo\/?s={search_term_string}"},"query-input":{"@type":"PropertyValueSpecification","valueRequired":true,"valueName":"search_term_string"}}],"inLanguage":"fr-FR"},{"@type":"Organization","@id":"http:\/\/www.sectionclinique-rennes.fr\/nuevo\/#organization","name":"Section clinique de Rennes - Association UFORCA","url":"http:\/\/www.sectionclinique-rennes.fr\/nuevo\/","logo":{"@type":"ImageObject","inLanguage":"fr-FR","@id":"http:\/\/www.sectionclinique-rennes.fr\/nuevo\/#\/schema\/logo\/image\/","url":"http:\/\/www.sectionclinique-rennes.fr\/nuevo\/wp-content\/uploads\/2015\/08\/logo.png","contentUrl":"http:\/\/www.sectionclinique-rennes.fr\/nuevo\/wp-content\/uploads\/2015\/08\/logo.png","width":1199,"height":276,"caption":"Section clinique de Rennes - Association UFORCA"},"image":{"@id":"http:\/\/www.sectionclinique-rennes.fr\/nuevo\/#\/schema\/logo\/image\/"}}]}},"_links":{"self":[{"href":"http:\/\/www.sectionclinique-rennes.fr\/nuevo\/wp-json\/wp\/v2\/pages\/295","targetHints":{"allow":["GET"]}}],"collection":[{"href":"http:\/\/www.sectionclinique-rennes.fr\/nuevo\/wp-json\/wp\/v2\/pages"}],"about":[{"href":"http:\/\/www.sectionclinique-rennes.fr\/nuevo\/wp-json\/wp\/v2\/types\/page"}],"author":[{"embeddable":true,"href":"http:\/\/www.sectionclinique-rennes.fr\/nuevo\/wp-json\/wp\/v2\/users\/5"}],"replies":[{"embeddable":true,"href":"http:\/\/www.sectionclinique-rennes.fr\/nuevo\/wp-json\/wp\/v2\/comments?post=295"}],"version-history":[{"count":17,"href":"http:\/\/www.sectionclinique-rennes.fr\/nuevo\/wp-json\/wp\/v2\/pages\/295\/revisions"}],"predecessor-version":[{"id":1292,"href":"http:\/\/www.sectionclinique-rennes.fr\/nuevo\/wp-json\/wp\/v2\/pages\/295\/revisions\/1292"}],"up":[{"embeddable":true,"href":"http:\/\/www.sectionclinique-rennes.fr\/nuevo\/wp-json\/wp\/v2\/pages\/69"}],"wp:attachment":[{"href":"http:\/\/www.sectionclinique-rennes.fr\/nuevo\/wp-json\/wp\/v2\/media?parent=295"}],"curies":[{"name":"wp","href":"https:\/\/api.w.org\/{rel}","templated":true}]}}