{"id":3017,"date":"2022-07-20T14:16:24","date_gmt":"2022-07-20T13:16:24","guid":{"rendered":"http:\/\/www.sectionclinique-rennes.fr\/nuevo\/?page_id=3017"},"modified":"2025-08-11T13:56:49","modified_gmt":"2025-08-11T12:56:49","slug":"seminaire-du-cercle","status":"publish","type":"page","link":"http:\/\/www.sectionclinique-rennes.fr\/nuevo\/seminaire-du-cercle\/","title":{"rendered":"S\u00c9MINAIRE DU CERCLE"},"content":{"rendered":"<div class=\"page\" title=\"Page 11\">\n<div class=\"section\">\n<div class=\"layoutArea\">\n<div class=\"column\">\n<p style=\"text-align: center;\"><span style=\"color: #800080;\"><strong>Le se\u0301minaire d\u2019e\u0301tude et de recherche de la Section Clinique de Rennes, anim\u00e9 par Caroline Doucet, Sophie Marret-Maleval, Jean Luc Monnier, Thomas Kusmierzyk<\/strong><\/span><\/p>\n<div>\n<p>&nbsp;<\/p>\n<p class=\"p1\"><em>Les jeudis 27 novembre 2025, 18 d\u00e9cembre 2025, 15 janvier 2026, 12 f\u00e9vrier 2026, <span style=\"font-family: 'Century Gothic', AppleGothic, sans-serif;\">12 mars 2026, 2 avril 2026, 21 mai 2026<\/span><\/em><\/p>\n<\/div>\n<div class=\"page\" title=\"Page 10\">\n<div class=\"section\">\n<div class=\"layoutArea\">\n<div class=\"column\">\n<div class=\"page\" title=\"Page 11\">\n<div class=\"section\">\n<div class=\"layoutArea\">\n<div class=\"column\">\n<p>&nbsp;<\/p>\n<p style=\"font-weight: 400;\">Le CERCLE est le s\u00e9minaire d\u2019\u00e9tude et de recherche de la section clinique (SC), r\u00e9serv\u00e9 aux participants de la section clinique les plus chevronn\u00e9s, qui ont \u00e9t\u00e9 remarqu\u00e9s par les enseignants \u00e0 l\u2019occasion de la pr\u00e9sentation de cas de leur pratique lors des s\u00e9minaires pratiques. Sur recommandation des enseignants, leur entr\u00e9e au Cercle est ensuite soumise \u00e0 approbation par le bureau de la SC. Les consultants du Centre Psychanalytique de Consultation et de Traitement (CPCT-parents de Rennes) sont issus du CERCLE.<br \/>\nLes sept soir\u00e9es annuelles du CERCLE sont un approfondissement du th\u00e8me annuel de la section clinique et sont articul\u00e9es en deux temps, l\u2019\u00e9tude de grands textes th\u00e9oriques et la discussion de cas. Lieu de d\u00e9bat et de conversation, le CERCLE est un laboratoire de recherche et de formation, \u00e0 la pointe de la clinique d\u2019orientation lacanienne dont le bulletin <em>IRONIK<\/em> ! se fait r\u00e9guli\u00e8rement l\u2019\u00e9cho.<\/p>\n<p>&nbsp;<\/p>\n<p style=\"font-weight: 400; text-align: center;\"><strong>Argument CERCLE 2025-2026<\/strong><br \/>\n<strong>Vari\u00e9t\u00e9 des fonctions de l\u2019imaginaire<\/strong><\/p>\n<p style=\"font-weight: 400;\">Sur un certain plan, le r\u00e9el a toujours le dernier mot. Pour autant, c\u2019est \u00e0 le repousser, l\u2019envelopper, le d\u00e9chiffrer, le voiler que travaille l\u2019imaginaire. L\u2019imaginaire occupe une fonction essentielle dans la psychopathologie de la vie quotidienne. Il en voile la dimension de r\u00e9p\u00e9tition ainsi que le tragique et ouvre des perspectives. Ainsi, il nourrit tout aussi bien les r\u00eaves et les ambitions qu\u2019il alimente les rivalit\u00e9s et la concurrence entre les parl\u00eatres. Les effets imaginaires peuvent entacher la relation \u00e0 l\u2019autre mais ils peuvent aussi via un id\u00e9al \u00e9lever une vie ou soutenir une orientation dans l\u2019existence. L\u2019imaginaire qui ne se r\u00e9duit pas \u00e0 l\u2019image et emprunte aux discours en circulation peut donc tout autant amener quelques difficult\u00e9s et limites comme \u00eatre source de gait\u00e9 ou d\u2019inspiration.<\/p>\n<p style=\"font-weight: 400;\">\u00adR\u00e9habilit\u00e9 par Lacan \u00e0 la toute fin de son enseignement, l\u2019imaginaire occupe une place d\u00e9terminante dans la clinique o\u00f9, dans certaines circonstances, le corps vacille ou bien \u00ab se d\u00e9fait \u00bb [1] et o\u00f9 il participe \u00e0 la mise au point de solution particuli\u00e8rement inventives et op\u00e9rantes quant \u00e0 la stabilisation d\u2019un sujet. D\u00e8s lors c\u2019est tout un champ de la clinique qu\u2019il conviendra d\u2019explorer cette ann\u00e9e, selon les types de nouage, suppl\u00e9ance ou compensation, mono-symptomatique ou poly-sinthom\u00e9s, etc., selon ce que Jacques-Alain Miller a nomm\u00e9 maladies de la mentalit\u00e9 [2] et encore \u00ab toute une s\u00e9rie qui ne demande qu\u2019\u00e0 s\u2019\u00e9largir [3] \u00bb \u00e0 l\u2019aune des caract\u00e9ristiques de notre \u00e9poque.<\/p>\n<p style=\"font-weight: 400;\">Les travaux du Cercle prendront donc appui sur la clinique borrom\u00e9enne dans laquelle Lacan donne une valeur \u00e9quivalente \u00e0 tous les registres symbolique, imaginaire et r\u00e9el et qui conf\u00e8re \u00e0 l\u2019exp\u00e9rience analytique une dimension concr\u00e8te sans laquelle \u00ab nous l\u2019annulons \u00bb [4] Il s\u2019agira dans les cas discut\u00e9s d\u2019envisager non seulement la fonction de l\u2019imaginaire pour le sujet \u2013 fonction de consistance, de fascination, ou d\u2019appartenance du corps par exemple \u2013 mais aussi son effort \u00e9thique de traduction du r\u00e9el, \u00e0 travers la fonction de nomination ou bien dans la fonction de cr\u00e9ation, \u00e0 la fois sublimatoire et sinthomatique.<\/p>\n<h6 style=\"font-weight: 400;\">[1] Castanet H., <em>Quand le corps se d\u00e9fait, Moments dans les psychoses<\/em>, Navarin, Le champ freudien, Paris, 2017, p. 106.<br \/>\n[2] Cf. \u00e9ditorial d\u2019Alice Delarue, \u00ab Notre maladie de la mentalit\u00e9 \u00bb, <em>Mental<\/em>, no 49, Les maladies de la mentalit\u00e9, p. 7.<br \/>\n[3] Deffieux J.-P., \u00ab Le corps entre image et consistance \u00bb, <em>L\u2019a-graphe<\/em>, 2012, p. 35.<br \/>\n[4] Lacan J., Le S\u00e9minaire, livre xxv, \u00ab Le moment de conclure \u00bb, le\u00e7on du 15\/11\/1977, in\u00e9dit.<\/h6>\n<p style=\"font-weight: 400;\">\u00ad<\/p>\n<p><em style=\"font-size: 15px;\"><strong>Derni\u00e8re modification le 11\/08\/2025<\/strong><\/em><\/p>\n<\/div>\n<\/div>\n<\/div>\n<\/div>\n<\/div>\n<\/div>\n<\/div>\n<\/div>\n<\/div>\n<\/div>\n<\/div>\n<\/div>\n","protected":false},"excerpt":{"rendered":"<p>Le se\u0301minaire d\u2019e\u0301tude et de recherche de la Section Clinique de Rennes, anim\u00e9 par Caroline Doucet, Sophie Marret-Maleval, Jean Luc Monnier, Thomas Kusmierzyk &nbsp; Les jeudis 27 novembre 2025, 18 d\u00e9cembre 2025, 15 janvier 2026, 12 f\u00e9vrier 2026, 12 mars 2026, 2 avril 2026, 21 mai 2026 &nbsp; Le CERCLE\u2026<\/p>\n<p> <a class=\"continue-reading-link\" href=\"http:\/\/www.sectionclinique-rennes.fr\/nuevo\/seminaire-du-cercle\/\"><span>Continue reading<\/span><i class=\"crycon-right-dir\"><\/i><\/a> <\/p>\n","protected":false},"author":5,"featured_media":0,"parent":0,"menu_order":0,"comment_status":"closed","ping_status":"closed","template":"","meta":{"_monsterinsights_skip_tracking":false,"_monsterinsights_sitenote_active":false,"_monsterinsights_sitenote_note":"","_monsterinsights_sitenote_category":0,"footnotes":""},"class_list":["post-3017","page","type-page","status-publish","hentry"],"yoast_head":"<!-- This site is optimized with the Yoast SEO plugin v25.5 - https:\/\/yoast.com\/wordpress\/plugins\/seo\/ -->\n<title>S\u00c9MINAIRE DU CERCLE - La Section clinique de Rennes<\/title>\n<meta name=\"robots\" content=\"index, follow, max-snippet:-1, max-image-preview:large, max-video-preview:-1\" \/>\n<link rel=\"canonical\" href=\"http:\/\/www.sectionclinique-rennes.fr\/nuevo\/seminaire-du-cercle\/\" \/>\n<meta property=\"og:locale\" content=\"fr_FR\" \/>\n<meta property=\"og:type\" content=\"article\" \/>\n<meta property=\"og:title\" content=\"S\u00c9MINAIRE DU CERCLE - La Section clinique de Rennes\" \/>\n<meta property=\"og:description\" content=\"Le se\u0301minaire d\u2019e\u0301tude et de recherche de la Section Clinique de Rennes, anim\u00e9 par Caroline Doucet, Sophie Marret-Maleval, Jean Luc Monnier, Thomas Kusmierzyk &nbsp; Les jeudis 27 novembre 2025, 18 d\u00e9cembre 2025, 15 janvier 2026, 12 f\u00e9vrier 2026, 12 mars 2026, 2 avril 2026, 21 mai 2026 &nbsp; Le CERCLE\u2026 Continue reading\" \/>\n<meta property=\"og:url\" content=\"http:\/\/www.sectionclinique-rennes.fr\/nuevo\/seminaire-du-cercle\/\" \/>\n<meta property=\"og:site_name\" content=\"La Section clinique de Rennes\" \/>\n<meta property=\"article:modified_time\" content=\"2025-08-11T12:56:49+00:00\" \/>\n<meta name=\"twitter:card\" content=\"summary_large_image\" \/>\n<meta name=\"twitter:label1\" content=\"Dur\u00e9e de lecture estim\u00e9e\" \/>\n\t<meta name=\"twitter:data1\" content=\"4 minutes\" \/>\n<script type=\"application\/ld+json\" class=\"yoast-schema-graph\">{\"@context\":\"https:\/\/schema.org\",\"@graph\":[{\"@type\":\"WebPage\",\"@id\":\"http:\/\/www.sectionclinique-rennes.fr\/nuevo\/seminaire-du-cercle\/\",\"url\":\"http:\/\/www.sectionclinique-rennes.fr\/nuevo\/seminaire-du-cercle\/\",\"name\":\"S\u00c9MINAIRE DU CERCLE - La Section clinique de Rennes\",\"isPartOf\":{\"@id\":\"http:\/\/www.sectionclinique-rennes.fr\/nuevo\/#website\"},\"datePublished\":\"2022-07-20T13:16:24+00:00\",\"dateModified\":\"2025-08-11T12:56:49+00:00\",\"breadcrumb\":{\"@id\":\"http:\/\/www.sectionclinique-rennes.fr\/nuevo\/seminaire-du-cercle\/#breadcrumb\"},\"inLanguage\":\"fr-FR\",\"potentialAction\":[{\"@type\":\"ReadAction\",\"target\":[\"http:\/\/www.sectionclinique-rennes.fr\/nuevo\/seminaire-du-cercle\/\"]}]},{\"@type\":\"BreadcrumbList\",\"@id\":\"http:\/\/www.sectionclinique-rennes.fr\/nuevo\/seminaire-du-cercle\/#breadcrumb\",\"itemListElement\":[{\"@type\":\"ListItem\",\"position\":1,\"name\":\"Accueil\",\"item\":\"http:\/\/www.sectionclinique-rennes.fr\/nuevo\/\"},{\"@type\":\"ListItem\",\"position\":2,\"name\":\"S\u00c9MINAIRE DU CERCLE\"}]},{\"@type\":\"WebSite\",\"@id\":\"http:\/\/www.sectionclinique-rennes.fr\/nuevo\/#website\",\"url\":\"http:\/\/www.sectionclinique-rennes.fr\/nuevo\/\",\"name\":\"La Section clinique de Rennes\",\"description\":\"Association UFORCA\",\"publisher\":{\"@id\":\"http:\/\/www.sectionclinique-rennes.fr\/nuevo\/#organization\"},\"potentialAction\":[{\"@type\":\"SearchAction\",\"target\":{\"@type\":\"EntryPoint\",\"urlTemplate\":\"http:\/\/www.sectionclinique-rennes.fr\/nuevo\/?s={search_term_string}\"},\"query-input\":{\"@type\":\"PropertyValueSpecification\",\"valueRequired\":true,\"valueName\":\"search_term_string\"}}],\"inLanguage\":\"fr-FR\"},{\"@type\":\"Organization\",\"@id\":\"http:\/\/www.sectionclinique-rennes.fr\/nuevo\/#organization\",\"name\":\"Section clinique de Rennes - Association UFORCA\",\"url\":\"http:\/\/www.sectionclinique-rennes.fr\/nuevo\/\",\"logo\":{\"@type\":\"ImageObject\",\"inLanguage\":\"fr-FR\",\"@id\":\"http:\/\/www.sectionclinique-rennes.fr\/nuevo\/#\/schema\/logo\/image\/\",\"url\":\"http:\/\/www.sectionclinique-rennes.fr\/nuevo\/wp-content\/uploads\/2015\/08\/logo.png\",\"contentUrl\":\"http:\/\/www.sectionclinique-rennes.fr\/nuevo\/wp-content\/uploads\/2015\/08\/logo.png\",\"width\":1199,\"height\":276,\"caption\":\"Section clinique de Rennes - Association UFORCA\"},\"image\":{\"@id\":\"http:\/\/www.sectionclinique-rennes.fr\/nuevo\/#\/schema\/logo\/image\/\"}}]}<\/script>\n<!-- \/ Yoast SEO plugin. -->","yoast_head_json":{"title":"S\u00c9MINAIRE DU CERCLE - La Section clinique de Rennes","robots":{"index":"index","follow":"follow","max-snippet":"max-snippet:-1","max-image-preview":"max-image-preview:large","max-video-preview":"max-video-preview:-1"},"canonical":"http:\/\/www.sectionclinique-rennes.fr\/nuevo\/seminaire-du-cercle\/","og_locale":"fr_FR","og_type":"article","og_title":"S\u00c9MINAIRE DU CERCLE - La Section clinique de Rennes","og_description":"Le se\u0301minaire d\u2019e\u0301tude et de recherche de la Section Clinique de Rennes, anim\u00e9 par Caroline Doucet, Sophie Marret-Maleval, Jean Luc Monnier, Thomas Kusmierzyk &nbsp; Les jeudis 27 novembre 2025, 18 d\u00e9cembre 2025, 15 janvier 2026, 12 f\u00e9vrier 2026, 12 mars 2026, 2 avril 2026, 21 mai 2026 &nbsp; Le CERCLE\u2026 Continue reading","og_url":"http:\/\/www.sectionclinique-rennes.fr\/nuevo\/seminaire-du-cercle\/","og_site_name":"La Section clinique de Rennes","article_modified_time":"2025-08-11T12:56:49+00:00","twitter_card":"summary_large_image","twitter_misc":{"Dur\u00e9e de lecture estim\u00e9e":"4 minutes"},"schema":{"@context":"https:\/\/schema.org","@graph":[{"@type":"WebPage","@id":"http:\/\/www.sectionclinique-rennes.fr\/nuevo\/seminaire-du-cercle\/","url":"http:\/\/www.sectionclinique-rennes.fr\/nuevo\/seminaire-du-cercle\/","name":"S\u00c9MINAIRE DU CERCLE - La Section clinique de Rennes","isPartOf":{"@id":"http:\/\/www.sectionclinique-rennes.fr\/nuevo\/#website"},"datePublished":"2022-07-20T13:16:24+00:00","dateModified":"2025-08-11T12:56:49+00:00","breadcrumb":{"@id":"http:\/\/www.sectionclinique-rennes.fr\/nuevo\/seminaire-du-cercle\/#breadcrumb"},"inLanguage":"fr-FR","potentialAction":[{"@type":"ReadAction","target":["http:\/\/www.sectionclinique-rennes.fr\/nuevo\/seminaire-du-cercle\/"]}]},{"@type":"BreadcrumbList","@id":"http:\/\/www.sectionclinique-rennes.fr\/nuevo\/seminaire-du-cercle\/#breadcrumb","itemListElement":[{"@type":"ListItem","position":1,"name":"Accueil","item":"http:\/\/www.sectionclinique-rennes.fr\/nuevo\/"},{"@type":"ListItem","position":2,"name":"S\u00c9MINAIRE DU CERCLE"}]},{"@type":"WebSite","@id":"http:\/\/www.sectionclinique-rennes.fr\/nuevo\/#website","url":"http:\/\/www.sectionclinique-rennes.fr\/nuevo\/","name":"La Section clinique de Rennes","description":"Association UFORCA","publisher":{"@id":"http:\/\/www.sectionclinique-rennes.fr\/nuevo\/#organization"},"potentialAction":[{"@type":"SearchAction","target":{"@type":"EntryPoint","urlTemplate":"http:\/\/www.sectionclinique-rennes.fr\/nuevo\/?s={search_term_string}"},"query-input":{"@type":"PropertyValueSpecification","valueRequired":true,"valueName":"search_term_string"}}],"inLanguage":"fr-FR"},{"@type":"Organization","@id":"http:\/\/www.sectionclinique-rennes.fr\/nuevo\/#organization","name":"Section clinique de Rennes - Association UFORCA","url":"http:\/\/www.sectionclinique-rennes.fr\/nuevo\/","logo":{"@type":"ImageObject","inLanguage":"fr-FR","@id":"http:\/\/www.sectionclinique-rennes.fr\/nuevo\/#\/schema\/logo\/image\/","url":"http:\/\/www.sectionclinique-rennes.fr\/nuevo\/wp-content\/uploads\/2015\/08\/logo.png","contentUrl":"http:\/\/www.sectionclinique-rennes.fr\/nuevo\/wp-content\/uploads\/2015\/08\/logo.png","width":1199,"height":276,"caption":"Section clinique de Rennes - Association UFORCA"},"image":{"@id":"http:\/\/www.sectionclinique-rennes.fr\/nuevo\/#\/schema\/logo\/image\/"}}]}},"_links":{"self":[{"href":"http:\/\/www.sectionclinique-rennes.fr\/nuevo\/wp-json\/wp\/v2\/pages\/3017","targetHints":{"allow":["GET"]}}],"collection":[{"href":"http:\/\/www.sectionclinique-rennes.fr\/nuevo\/wp-json\/wp\/v2\/pages"}],"about":[{"href":"http:\/\/www.sectionclinique-rennes.fr\/nuevo\/wp-json\/wp\/v2\/types\/page"}],"author":[{"embeddable":true,"href":"http:\/\/www.sectionclinique-rennes.fr\/nuevo\/wp-json\/wp\/v2\/users\/5"}],"replies":[{"embeddable":true,"href":"http:\/\/www.sectionclinique-rennes.fr\/nuevo\/wp-json\/wp\/v2\/comments?post=3017"}],"version-history":[{"count":13,"href":"http:\/\/www.sectionclinique-rennes.fr\/nuevo\/wp-json\/wp\/v2\/pages\/3017\/revisions"}],"predecessor-version":[{"id":3466,"href":"http:\/\/www.sectionclinique-rennes.fr\/nuevo\/wp-json\/wp\/v2\/pages\/3017\/revisions\/3466"}],"wp:attachment":[{"href":"http:\/\/www.sectionclinique-rennes.fr\/nuevo\/wp-json\/wp\/v2\/media?parent=3017"}],"curies":[{"name":"wp","href":"https:\/\/api.w.org\/{rel}","templated":true}]}}