{"id":2471,"date":"2021-09-23T16:18:07","date_gmt":"2021-09-23T15:18:07","guid":{"rendered":"http:\/\/www.sectionclinique-rennes.fr\/nuevo\/?page_id=2471"},"modified":"2022-06-21T20:07:54","modified_gmt":"2022-06-21T19:07:54","slug":"navarin-editeur","status":"publish","type":"page","link":"https:\/\/www.sectionclinique-rennes.fr\/nuevo\/publication\/navarin-editeur\/","title":{"rendered":"Navarin \u00e9diteur"},"content":{"rendered":"<h3 style=\"text-align: center;\"><span style=\"color: #ff0000;\"><strong>LA SEXUATION DES ENFANTS<\/strong><\/span><\/h3>\n<p style=\"text-align: center;\">Travaux de l\u2019Institut psychanalytique de l\u2019Enfant<\/p>\n<p style=\"text-align: center;\">du Champ freudien<\/p>\n<p style=\"text-align: center;\"><em>sous la direction de Herv\u00e9 Damase, Daniel Roy et Laura Sokolowsky<\/em><em>\u00a0<\/em><\/p>\n<p style=\"text-align: center;\"><strong>\u2014\u2014\u2014\u2014\u2014\u2014\u2014\u2014\u2014\u2014\u2014\u2014\u2014\u2014\u2014\u2014\u2014\u2014\u2014\u2014\u2014\u2014\u2014\u2014\u2014\u2014\u2014\u2014\u2014\u2014\u2014<\/strong><\/p>\n<table width=\"705\">\n<tbody>\n<tr>\n<td width=\"331\"><a href=\"http:\/\/www.sectionclinique-rennes.fr\/nuevo\/wp-content\/uploads\/2021\/11\/La-sexuation-des-enfants-Couverture.jpeg\"><img loading=\"lazy\" decoding=\"async\" class=\"wp-image-2487 aligncenter\" src=\"http:\/\/www.sectionclinique-rennes.fr\/nuevo\/wp-content\/uploads\/2021\/11\/La-sexuation-des-enfants-Couverture-221x300.jpeg\" alt=\"\" width=\"389\" height=\"529\" srcset=\"https:\/\/www.sectionclinique-rennes.fr\/nuevo\/wp-content\/uploads\/2021\/11\/La-sexuation-des-enfants-Couverture-221x300.jpeg 221w, https:\/\/www.sectionclinique-rennes.fr\/nuevo\/wp-content\/uploads\/2021\/11\/La-sexuation-des-enfants-Couverture-111x150.jpeg 111w, https:\/\/www.sectionclinique-rennes.fr\/nuevo\/wp-content\/uploads\/2021\/11\/La-sexuation-des-enfants-Couverture.jpeg 236w\" sizes=\"auto, (max-width: 389px) 100vw, 389px\" \/><\/a><\/td>\n<td width=\"373\">Pour chaque enfant, fille ou gar\u00e7on, la diff\u00e9rence sexuelle fait question. La \u00ab\u00a0fluidit\u00e9 des genres\u00a0\u00bb s\u2019imposerait-elle comme une nouvelle norme au nom d\u2019une libert\u00e9 de chacun \u00e0 choisir son propre sexe\u00a0? La mode de l\u2019unisexe et la d\u00e9nonciation du sexe d\u2019assignation suffisent-elles \u00e0 donner plus de marge de man\u0153uvre aux enfants dans le choix d\u2019une<em> position sexu\u00e9e<\/em>\u00a0? Face \u00e0 l\u2019impasse du sexuel, comment se rep\u00e9rer\u00a0?<\/p>\n<p>Lacan emploie le terme de <em>sexuation<\/em> pour diff\u00e9rencier le sexe comme donn\u00e9e biologique et sa subjectivation par un \u00eatre parlant. La sexuation est le processus par lequel l\u2019enfant se d\u00e9couvre, se reconna\u00eet et se parle comme \u00e9tant d\u2019un sexe ou d\u2019un autre, \u00ab\u00a0couleur d\u2019homme\u00a0\u00bb ou \u00ab\u00a0couleur de femme\u00a0\u00bb.<\/p>\n<p>\u00catre sexu\u00e9 semble ainsi livr\u00e9 \u00e0 toutes sortes de d\u00e9terminations. Mais cela reste pour chaque enfant, chaque jeune, chaque adulte, une aventure absolument singuli\u00e8re, qui peut conduire \u00e0 rencontrer un(e) psychanalyste.<\/td>\n<\/tr>\n<\/tbody>\n<\/table>\n<p>Prenant au s\u00e9rieux ces d\u00e9terminations, l\u2019analyste peut en desserrer l\u2019\u00e9tau avec l\u2019enfant. Le jeu de la langue leur donne la libert\u00e9 d\u2019interroger autrement les discours de la tradition aussi bien que les nouveaux st\u00e9r\u00e9otypes tels qu\u2019ils se condensent autour de \u00ab\u00a0l\u2019enfant trans\u00a0\u00bb.<\/p>\n<p>Ce livre \u00e9claire ces questions par des textes concis, recherches et cas actuels, discut\u00e9s \u00e0 plusieurs voix.<\/p>\n<p>L\u2019Institut psychanalytique de l\u2019Enfant du Champ freudien, cr\u00e9\u00e9 en 2009 par Jacques-Alain Miller, publie r\u00e9guli\u00e8rement ses travaux chez Navarin \u00e9diteur et ses recherches sur son site <a href=\"http:\/\/www.institut-enfant.fr\"><em>www.institut-enfant.fr<\/em><\/a><\/p>\n<p style=\"text-align: center;\"><em>Parution en librairie le 16 novembre 2021<\/em><\/p>\n<p style=\"text-align: center;\"><em>et notamment sur <\/em><a href=\"https:\/\/www.ecf-echoppe.com\/produit\/la-sexuation-des-enfants\">ecf-echoppe.com<\/a><\/p>\n<p>&nbsp;<\/p>\n<hr \/>\n<h3 style=\"text-align: center;\"><span style=\"color: #ff0000;\"><span style=\"color: #ff6600;\"><strong>Lacan <\/strong><\/span><span style=\"color: #33cccc;\"><strong>Redivivus<\/strong><\/span><\/span><\/h3>\n<p style=\"text-align: center;\"><em>Sous la direction de J.-A. Miller &amp; Ch. Alberti<\/em><\/p>\n<p style=\"text-align: center;\"><strong><em>2021\u00a0: 40<sup>e<\/sup> anniversaire de la mort de Jacques Lacan<\/em><\/strong><\/p>\n<p style=\"text-align: center;\"><strong>\u2014\u2014\u2014\u2014\u2014\u2014\u2014\u2014\u2014\u2014\u2014\u2014\u2014\u2014\u2014\u2014\u2014\u2014\u2014\u2014\u2014\u2014\u2014\u2014\u2014\u2014\u2014<\/strong><\/p>\n<p>Pour le 40<sup>e<\/sup> anniversaire de la mort de Jacques Lacan, hors-s\u00e9rie de la revue <em>Ornicar\u00a0?<\/em>, un recueil de manuscrits in\u00e9dits, de correspondances illustres et de t\u00e9moignages de ses proches. 480 pages.<\/p>\n<p><strong><a href=\"http:\/\/www.sectionclinique-rennes.fr\/nuevo\/wp-content\/uploads\/2021\/09\/Lacan-Redivivus-1ere-couv.jpeg\"><img loading=\"lazy\" decoding=\"async\" class=\" wp-image-2469 alignleft\" src=\"http:\/\/www.sectionclinique-rennes.fr\/nuevo\/wp-content\/uploads\/2021\/09\/Lacan-Redivivus-1ere-couv-233x300.jpeg\" alt=\"\" width=\"423\" height=\"545\" srcset=\"https:\/\/www.sectionclinique-rennes.fr\/nuevo\/wp-content\/uploads\/2021\/09\/Lacan-Redivivus-1ere-couv-233x300.jpeg 233w, https:\/\/www.sectionclinique-rennes.fr\/nuevo\/wp-content\/uploads\/2021\/09\/Lacan-Redivivus-1ere-couv-117x150.jpeg 117w, https:\/\/www.sectionclinique-rennes.fr\/nuevo\/wp-content\/uploads\/2021\/09\/Lacan-Redivivus-1ere-couv.jpeg 240w\" sizes=\"auto, (max-width: 423px) 100vw, 423px\" \/><\/a>9 septembre 1981 \u2013 9 septembre 2021<\/strong><\/p>\n<p>Quarante ans apr\u00e8s la mort de Jacques Lacan, <em>Ornicar\u00a0?<\/em> invite \u00e0 c\u00e9l\u00e9brer \u2013 et non \u00e0 comm\u00e9morer \u2013 l\u2019homme Lacan.<\/p>\n<p>Voil\u00e0 de lui une autre figure que celle qui a fait flor\u00e8s. Les nombreux t\u00e9moignages et archives in\u00e9dites rassembl\u00e9s dans ce volume font revivre un Lacan bien plus complexe et plus authentique. Il importe d\u2019approcher ce que fut l\u2019homme. Non pas hagiographie, mais r\u00e9cit de ce qu\u2019il fut pour ses proches\u00a0\u2013 le p\u00e8re, le grand-p\u00e8re, le beau-p\u00e8re, l\u2019ami, l\u2019amant\u00a0\u2013, pour ses analysants et pour quelques-uns qui ont eu la chance de croiser sa route.<\/p>\n<p>Ce volume a pour ambition de pr\u00e9senter au public un Lacan chang\u00e9 en lui-m\u00eame par des t\u00e9moignages personnels, qui ne le m\u00e9tamorphosent pas en saint de vitrail, mais tout de m\u00eame le <em>d\u00e9diabolisent<\/em>. Un hors-s\u00e9rie sans ex\u00e9g\u00e8ses savantes de la doctrine, d\u00e9di\u00e9 \u00e0 le rendre vivant. D\u2019o\u00f9 son titre\u00a0: Lacan <em>Redivivus<\/em>.<\/p>\n<p style=\"text-align: center;\"><em>En librairie \u2013 distribution Pollen diffusion CED<\/em><\/p>\n<p style=\"text-align: center;\"><em>et notamment sur <\/em><a href=\"https:\/\/www.ecf-echoppe.com\/produit\/lacan-redivivus\/\"><em>ecf-echoppe.com<\/em><\/a><\/p>\n<p>&nbsp;<\/p>\n<hr \/>\n<p>&nbsp;<\/p>\n<p style=\"text-align: center;\"><strong><em>LA DIVINA<\/em><\/strong>, nouvelle collection de Navarin \u00e9diteur, publie deux ouvrages<\/p>\n<p style=\"text-align: center;\">de Jacques Lacan et Jacques-Alain Miller<\/p>\n<h3 style=\"text-align: center;\"><strong>Jacques Lacan<\/strong><\/h3>\n<h3 style=\"text-align: center;\"><span style=\"color: #ff0000;\"><strong>Aux confins du S\u00e9minaire<\/strong><\/span><\/h3>\n<p style=\"text-align: center;\"><em>Texte \u00e9tabli par Jacques-Alain Miller<\/em><\/p>\n<p>&nbsp;<\/p>\n<p><em>\u00ab\u00a0J\u2019ai r\u00e9uni dans ce volume des textes qui porteront le lecteur aux confins du S\u00e9minaire de Jacques Lacan : avant le S\u00e9minaire I et apr\u00e8s le S\u00e9minaire XXV.\u00a0\u00bb<\/em> \u2014 Jacques-Alain Miller<\/p>\n<p><strong><em><a href=\"http:\/\/www.sectionclinique-rennes.fr\/nuevo\/wp-content\/uploads\/2021\/09\/Aux-confins-du-Seminaire-1e-couv.jpg\"><img loading=\"lazy\" decoding=\"async\" class=\" wp-image-2473 alignright\" src=\"http:\/\/www.sectionclinique-rennes.fr\/nuevo\/wp-content\/uploads\/2021\/09\/Aux-confins-du-Seminaire-1e-couv-156x300.jpg\" alt=\"\" width=\"229\" height=\"440\" srcset=\"https:\/\/www.sectionclinique-rennes.fr\/nuevo\/wp-content\/uploads\/2021\/09\/Aux-confins-du-Seminaire-1e-couv-156x300.jpg 156w, https:\/\/www.sectionclinique-rennes.fr\/nuevo\/wp-content\/uploads\/2021\/09\/Aux-confins-du-Seminaire-1e-couv-78x150.jpg 78w, https:\/\/www.sectionclinique-rennes.fr\/nuevo\/wp-content\/uploads\/2021\/09\/Aux-confins-du-Seminaire-1e-couv.jpg 166w\" sizes=\"auto, (max-width: 229px) 100vw, 229px\" \/><\/a><\/em><\/strong><\/p>\n<p>&nbsp;<\/p>\n<p><strong><em>Aux confins du S\u00e9minaire<\/em><\/strong> de Jacques Lacan commence par \u00ab\u00a0Sur l\u2019Homme aux loups\u00a0\u00bb, enseignement \u00e0 quelques-uns en 1952-1953 sur le cas princeps de Freud. Ce sont ensuite les derni\u00e8res prises de parole de Lacan \u00e0 son S\u00e9minaire avant sa mort, survenue le 9 septembre 1981 : \u00ab\u00a0Dissolution\u00a0\u00bb (suite \u00e0 sa lettre de janvier 1980 parue dans <em>Le Monde<\/em>) et son ultime intervention th\u00e9orique, \u00ab\u00a0La conf\u00e9rence de Caracas\u00a0\u00bb, prononc\u00e9e en ouverture de la Rencontre internationale organis\u00e9e en 1980 par la Fondation du Champ freudien.<\/p>\n<p>&nbsp;<\/p>\n<p>&nbsp;<\/p>\n<p>&nbsp;<\/p>\n<p><strong><a href=\"http:\/\/www.sectionclinique-rennes.fr\/nuevo\/wp-content\/uploads\/2021\/09\/La-troisieme-et-Theorie-de-lalangue-1ere-couv.jpeg\"><img loading=\"lazy\" decoding=\"async\" class=\"wp-image-2472 alignleft\" src=\"http:\/\/www.sectionclinique-rennes.fr\/nuevo\/wp-content\/uploads\/2021\/09\/La-troisieme-et-Theorie-de-lalangue-1ere-couv-157x300.jpeg\" alt=\"\" width=\"254\" height=\"485\" srcset=\"https:\/\/www.sectionclinique-rennes.fr\/nuevo\/wp-content\/uploads\/2021\/09\/La-troisieme-et-Theorie-de-lalangue-1ere-couv-157x300.jpeg 157w, https:\/\/www.sectionclinique-rennes.fr\/nuevo\/wp-content\/uploads\/2021\/09\/La-troisieme-et-Theorie-de-lalangue-1ere-couv-78x150.jpeg 78w, https:\/\/www.sectionclinique-rennes.fr\/nuevo\/wp-content\/uploads\/2021\/09\/La-troisieme-et-Theorie-de-lalangue-1ere-couv.jpeg 167w\" sizes=\"auto, (max-width: 254px) 100vw, 254px\" \/><\/a>Jacques Lacan<\/strong><\/p>\n<p><span style=\"color: #ff0000;\"><strong>La Troisi\u00e8me<\/strong><\/span><\/p>\n<p><strong>Jacques-Alain Miller<\/strong><\/p>\n<p><span style=\"color: #ff0000;\"><strong>Th\u00e9orie de lalangue<\/strong><\/span><\/p>\n<p>Sont r\u00e9unies ici la conf\u00e9rence majeure de Lacan <strong><em>La Troisi\u00e8me<\/em><\/strong> (\u00e0 Rome, en 1974), texte \u00e9tabli par J.-A.\u00a0Miller avec un commentaire qui l\u2019\u00e9claire pour le grand public, et l\u2019intervention (le lendemain) de Jacques-Alain Miller, <strong><em>Th\u00e9orie de lalangue<\/em><\/strong><em>.<\/em><\/p>\n<p>Rome. La premi\u00e8re fois, ce fut, en 1953, \u00ab\u00a0Fonction et champ de la parole et du langage\u00a0\u00bb, o\u00f9 Lacan posait les bases de son enseignement. La seconde : en 1967, dans \u00ab\u00a0La psychanalyse. Raison d\u2019un \u00e9chec\u00a0\u00bb, il stigmatisait l\u2019arr\u00eat de la pens\u00e9e dans le champ ouvert par Freud. \u00c0 la troisi\u00e8me, en 1974, c\u2019est l\u2019heure de <em>lalangue<\/em>, de la jouissance, du noeud borrom\u00e9en. \u2014 JAM<\/p>\n<p><em>\u00a0<\/em><\/p>\n<p>&nbsp;<\/p>\n<p style=\"text-align: center;\"><em>En librairie \u2013 distribution Pollen diffusion CED<\/em><\/p>\n<p style=\"text-align: center;\"><em>et notamment sur <\/em><a href=\"https:\/\/www.ecf-echoppe.com\/produit\/lacan-redivivus\/\"><em>ecf-echoppe.com<\/em><\/a><\/p>\n<p style=\"text-align: center;\"><em>\u00a0<\/em><\/p>\n<p>______________________________________________________________________________________<\/p>\n<p>&nbsp;<\/p>\n<p style=\"text-align: center;\"><strong>NAVARIN<\/strong><strong> \u00c9diteur \u00c0 PARIS 6<sup>E<br \/>\n<\/sup><\/strong><\/p>\n<p><strong><sup>\u00a0<\/sup><\/strong><\/p>\n<p><strong><sup>\u00a0<\/sup><\/strong><\/p>\n<p>&nbsp;<\/p>\n<h6><strong><em>Derni\u00e8re modification : 11\/11\/2021<\/em><\/strong><\/h6>\n<p>&nbsp;<\/p>\n","protected":false},"excerpt":{"rendered":"<p>LA SEXUATION DES ENFANTS Travaux de l\u2019Institut psychanalytique de l\u2019Enfant du Champ freudien sous la direction de Herv\u00e9 Damase, Daniel Roy et Laura Sokolowsky\u00a0 \u2014\u2014\u2014\u2014\u2014\u2014\u2014\u2014\u2014\u2014\u2014\u2014\u2014\u2014\u2014\u2014\u2014\u2014\u2014\u2014\u2014\u2014\u2014\u2014\u2014\u2014\u2014\u2014\u2014\u2014\u2014 Pour chaque enfant, fille ou gar\u00e7on, la diff\u00e9rence sexuelle fait question. La \u00ab\u00a0fluidit\u00e9 des genres\u00a0\u00bb s\u2019imposerait-elle comme une nouvelle norme au nom d\u2019une libert\u00e9 de\u2026<\/p>\n<p> <a class=\"continue-reading-link\" href=\"https:\/\/www.sectionclinique-rennes.fr\/nuevo\/publication\/navarin-editeur\/\"><span>Continue reading<\/span><i class=\"crycon-right-dir\"><\/i><\/a> <\/p>\n","protected":false},"author":5,"featured_media":0,"parent":22,"menu_order":0,"comment_status":"closed","ping_status":"closed","template":"","meta":{"_monsterinsights_skip_tracking":false,"_monsterinsights_sitenote_active":false,"_monsterinsights_sitenote_note":"","_monsterinsights_sitenote_category":0,"footnotes":""},"class_list":["post-2471","page","type-page","status-publish","hentry"],"yoast_head":"<!-- This site is optimized with the Yoast SEO plugin v25.5 - https:\/\/yoast.com\/wordpress\/plugins\/seo\/ -->\n<title>Navarin \u00e9diteur - La Section clinique de Rennes<\/title>\n<meta name=\"robots\" content=\"index, follow, max-snippet:-1, max-image-preview:large, max-video-preview:-1\" \/>\n<link rel=\"canonical\" href=\"http:\/\/www.sectionclinique-rennes.fr\/nuevo\/publication\/navarin-editeur\/\" \/>\n<meta property=\"og:locale\" content=\"fr_FR\" \/>\n<meta property=\"og:type\" content=\"article\" \/>\n<meta property=\"og:title\" content=\"Navarin \u00e9diteur - La Section clinique de Rennes\" \/>\n<meta property=\"og:description\" content=\"LA SEXUATION DES ENFANTS Travaux de l\u2019Institut psychanalytique de l\u2019Enfant du Champ freudien sous la direction de Herv\u00e9 Damase, Daniel Roy et Laura Sokolowsky\u00a0 \u2014\u2014\u2014\u2014\u2014\u2014\u2014\u2014\u2014\u2014\u2014\u2014\u2014\u2014\u2014\u2014\u2014\u2014\u2014\u2014\u2014\u2014\u2014\u2014\u2014\u2014\u2014\u2014\u2014\u2014\u2014 Pour chaque enfant, fille ou gar\u00e7on, la diff\u00e9rence sexuelle fait question. La \u00ab\u00a0fluidit\u00e9 des genres\u00a0\u00bb s\u2019imposerait-elle comme une nouvelle norme au nom d\u2019une libert\u00e9 de\u2026 Continue reading\" \/>\n<meta property=\"og:url\" content=\"http:\/\/www.sectionclinique-rennes.fr\/nuevo\/publication\/navarin-editeur\/\" \/>\n<meta property=\"og:site_name\" content=\"La Section clinique de Rennes\" \/>\n<meta property=\"article:modified_time\" content=\"2022-06-21T19:07:54+00:00\" \/>\n<meta property=\"og:image\" content=\"http:\/\/www.sectionclinique-rennes.fr\/nuevo\/wp-content\/uploads\/2021\/11\/La-sexuation-des-enfants-Couverture-221x300.jpeg\" \/>\n<meta name=\"twitter:card\" content=\"summary_large_image\" \/>\n<meta name=\"twitter:label1\" content=\"Dur\u00e9e de lecture estim\u00e9e\" \/>\n\t<meta name=\"twitter:data1\" content=\"5 minutes\" \/>\n<script type=\"application\/ld+json\" class=\"yoast-schema-graph\">{\"@context\":\"https:\/\/schema.org\",\"@graph\":[{\"@type\":\"WebPage\",\"@id\":\"http:\/\/www.sectionclinique-rennes.fr\/nuevo\/publication\/navarin-editeur\/\",\"url\":\"http:\/\/www.sectionclinique-rennes.fr\/nuevo\/publication\/navarin-editeur\/\",\"name\":\"Navarin \u00e9diteur - La Section clinique de Rennes\",\"isPartOf\":{\"@id\":\"http:\/\/www.sectionclinique-rennes.fr\/nuevo\/#website\"},\"primaryImageOfPage\":{\"@id\":\"http:\/\/www.sectionclinique-rennes.fr\/nuevo\/publication\/navarin-editeur\/#primaryimage\"},\"image\":{\"@id\":\"http:\/\/www.sectionclinique-rennes.fr\/nuevo\/publication\/navarin-editeur\/#primaryimage\"},\"thumbnailUrl\":\"http:\/\/www.sectionclinique-rennes.fr\/nuevo\/wp-content\/uploads\/2021\/11\/La-sexuation-des-enfants-Couverture-221x300.jpeg\",\"datePublished\":\"2021-09-23T15:18:07+00:00\",\"dateModified\":\"2022-06-21T19:07:54+00:00\",\"breadcrumb\":{\"@id\":\"http:\/\/www.sectionclinique-rennes.fr\/nuevo\/publication\/navarin-editeur\/#breadcrumb\"},\"inLanguage\":\"fr-FR\",\"potentialAction\":[{\"@type\":\"ReadAction\",\"target\":[\"http:\/\/www.sectionclinique-rennes.fr\/nuevo\/publication\/navarin-editeur\/\"]}]},{\"@type\":\"ImageObject\",\"inLanguage\":\"fr-FR\",\"@id\":\"http:\/\/www.sectionclinique-rennes.fr\/nuevo\/publication\/navarin-editeur\/#primaryimage\",\"url\":\"https:\/\/www.sectionclinique-rennes.fr\/nuevo\/wp-content\/uploads\/2021\/11\/La-sexuation-des-enfants-Couverture.jpeg\",\"contentUrl\":\"https:\/\/www.sectionclinique-rennes.fr\/nuevo\/wp-content\/uploads\/2021\/11\/La-sexuation-des-enfants-Couverture.jpeg\",\"width\":236,\"height\":320},{\"@type\":\"BreadcrumbList\",\"@id\":\"http:\/\/www.sectionclinique-rennes.fr\/nuevo\/publication\/navarin-editeur\/#breadcrumb\",\"itemListElement\":[{\"@type\":\"ListItem\",\"position\":1,\"name\":\"Accueil\",\"item\":\"http:\/\/www.sectionclinique-rennes.fr\/nuevo\/\"},{\"@type\":\"ListItem\",\"position\":2,\"name\":\"Publications\",\"item\":\"https:\/\/www.sectionclinique-rennes.fr\/nuevo\/publication\/\"},{\"@type\":\"ListItem\",\"position\":3,\"name\":\"Navarin \u00e9diteur\"}]},{\"@type\":\"WebSite\",\"@id\":\"http:\/\/www.sectionclinique-rennes.fr\/nuevo\/#website\",\"url\":\"http:\/\/www.sectionclinique-rennes.fr\/nuevo\/\",\"name\":\"La Section clinique de Rennes\",\"description\":\"Association UFORCA\",\"publisher\":{\"@id\":\"http:\/\/www.sectionclinique-rennes.fr\/nuevo\/#organization\"},\"potentialAction\":[{\"@type\":\"SearchAction\",\"target\":{\"@type\":\"EntryPoint\",\"urlTemplate\":\"http:\/\/www.sectionclinique-rennes.fr\/nuevo\/?s={search_term_string}\"},\"query-input\":{\"@type\":\"PropertyValueSpecification\",\"valueRequired\":true,\"valueName\":\"search_term_string\"}}],\"inLanguage\":\"fr-FR\"},{\"@type\":\"Organization\",\"@id\":\"http:\/\/www.sectionclinique-rennes.fr\/nuevo\/#organization\",\"name\":\"Section clinique de Rennes - Association UFORCA\",\"url\":\"http:\/\/www.sectionclinique-rennes.fr\/nuevo\/\",\"logo\":{\"@type\":\"ImageObject\",\"inLanguage\":\"fr-FR\",\"@id\":\"http:\/\/www.sectionclinique-rennes.fr\/nuevo\/#\/schema\/logo\/image\/\",\"url\":\"http:\/\/www.sectionclinique-rennes.fr\/nuevo\/wp-content\/uploads\/2015\/08\/logo.png\",\"contentUrl\":\"http:\/\/www.sectionclinique-rennes.fr\/nuevo\/wp-content\/uploads\/2015\/08\/logo.png\",\"width\":1199,\"height\":276,\"caption\":\"Section clinique de Rennes - Association UFORCA\"},\"image\":{\"@id\":\"http:\/\/www.sectionclinique-rennes.fr\/nuevo\/#\/schema\/logo\/image\/\"}}]}<\/script>\n<!-- \/ Yoast SEO plugin. -->","yoast_head_json":{"title":"Navarin \u00e9diteur - La Section clinique de Rennes","robots":{"index":"index","follow":"follow","max-snippet":"max-snippet:-1","max-image-preview":"max-image-preview:large","max-video-preview":"max-video-preview:-1"},"canonical":"http:\/\/www.sectionclinique-rennes.fr\/nuevo\/publication\/navarin-editeur\/","og_locale":"fr_FR","og_type":"article","og_title":"Navarin \u00e9diteur - La Section clinique de Rennes","og_description":"LA SEXUATION DES ENFANTS Travaux de l\u2019Institut psychanalytique de l\u2019Enfant du Champ freudien sous la direction de Herv\u00e9 Damase, Daniel Roy et Laura Sokolowsky\u00a0 \u2014\u2014\u2014\u2014\u2014\u2014\u2014\u2014\u2014\u2014\u2014\u2014\u2014\u2014\u2014\u2014\u2014\u2014\u2014\u2014\u2014\u2014\u2014\u2014\u2014\u2014\u2014\u2014\u2014\u2014\u2014 Pour chaque enfant, fille ou gar\u00e7on, la diff\u00e9rence sexuelle fait question. La \u00ab\u00a0fluidit\u00e9 des genres\u00a0\u00bb s\u2019imposerait-elle comme une nouvelle norme au nom d\u2019une libert\u00e9 de\u2026 Continue reading","og_url":"http:\/\/www.sectionclinique-rennes.fr\/nuevo\/publication\/navarin-editeur\/","og_site_name":"La Section clinique de Rennes","article_modified_time":"2022-06-21T19:07:54+00:00","og_image":[{"url":"http:\/\/www.sectionclinique-rennes.fr\/nuevo\/wp-content\/uploads\/2021\/11\/La-sexuation-des-enfants-Couverture-221x300.jpeg","type":"","width":"","height":""}],"twitter_card":"summary_large_image","twitter_misc":{"Dur\u00e9e de lecture estim\u00e9e":"5 minutes"},"schema":{"@context":"https:\/\/schema.org","@graph":[{"@type":"WebPage","@id":"http:\/\/www.sectionclinique-rennes.fr\/nuevo\/publication\/navarin-editeur\/","url":"http:\/\/www.sectionclinique-rennes.fr\/nuevo\/publication\/navarin-editeur\/","name":"Navarin \u00e9diteur - La Section clinique de Rennes","isPartOf":{"@id":"http:\/\/www.sectionclinique-rennes.fr\/nuevo\/#website"},"primaryImageOfPage":{"@id":"http:\/\/www.sectionclinique-rennes.fr\/nuevo\/publication\/navarin-editeur\/#primaryimage"},"image":{"@id":"http:\/\/www.sectionclinique-rennes.fr\/nuevo\/publication\/navarin-editeur\/#primaryimage"},"thumbnailUrl":"http:\/\/www.sectionclinique-rennes.fr\/nuevo\/wp-content\/uploads\/2021\/11\/La-sexuation-des-enfants-Couverture-221x300.jpeg","datePublished":"2021-09-23T15:18:07+00:00","dateModified":"2022-06-21T19:07:54+00:00","breadcrumb":{"@id":"http:\/\/www.sectionclinique-rennes.fr\/nuevo\/publication\/navarin-editeur\/#breadcrumb"},"inLanguage":"fr-FR","potentialAction":[{"@type":"ReadAction","target":["http:\/\/www.sectionclinique-rennes.fr\/nuevo\/publication\/navarin-editeur\/"]}]},{"@type":"ImageObject","inLanguage":"fr-FR","@id":"http:\/\/www.sectionclinique-rennes.fr\/nuevo\/publication\/navarin-editeur\/#primaryimage","url":"https:\/\/www.sectionclinique-rennes.fr\/nuevo\/wp-content\/uploads\/2021\/11\/La-sexuation-des-enfants-Couverture.jpeg","contentUrl":"https:\/\/www.sectionclinique-rennes.fr\/nuevo\/wp-content\/uploads\/2021\/11\/La-sexuation-des-enfants-Couverture.jpeg","width":236,"height":320},{"@type":"BreadcrumbList","@id":"http:\/\/www.sectionclinique-rennes.fr\/nuevo\/publication\/navarin-editeur\/#breadcrumb","itemListElement":[{"@type":"ListItem","position":1,"name":"Accueil","item":"http:\/\/www.sectionclinique-rennes.fr\/nuevo\/"},{"@type":"ListItem","position":2,"name":"Publications","item":"https:\/\/www.sectionclinique-rennes.fr\/nuevo\/publication\/"},{"@type":"ListItem","position":3,"name":"Navarin \u00e9diteur"}]},{"@type":"WebSite","@id":"http:\/\/www.sectionclinique-rennes.fr\/nuevo\/#website","url":"http:\/\/www.sectionclinique-rennes.fr\/nuevo\/","name":"La Section clinique de Rennes","description":"Association UFORCA","publisher":{"@id":"http:\/\/www.sectionclinique-rennes.fr\/nuevo\/#organization"},"potentialAction":[{"@type":"SearchAction","target":{"@type":"EntryPoint","urlTemplate":"http:\/\/www.sectionclinique-rennes.fr\/nuevo\/?s={search_term_string}"},"query-input":{"@type":"PropertyValueSpecification","valueRequired":true,"valueName":"search_term_string"}}],"inLanguage":"fr-FR"},{"@type":"Organization","@id":"http:\/\/www.sectionclinique-rennes.fr\/nuevo\/#organization","name":"Section clinique de Rennes - Association UFORCA","url":"http:\/\/www.sectionclinique-rennes.fr\/nuevo\/","logo":{"@type":"ImageObject","inLanguage":"fr-FR","@id":"http:\/\/www.sectionclinique-rennes.fr\/nuevo\/#\/schema\/logo\/image\/","url":"http:\/\/www.sectionclinique-rennes.fr\/nuevo\/wp-content\/uploads\/2015\/08\/logo.png","contentUrl":"http:\/\/www.sectionclinique-rennes.fr\/nuevo\/wp-content\/uploads\/2015\/08\/logo.png","width":1199,"height":276,"caption":"Section clinique de Rennes - Association UFORCA"},"image":{"@id":"http:\/\/www.sectionclinique-rennes.fr\/nuevo\/#\/schema\/logo\/image\/"}}]}},"_links":{"self":[{"href":"https:\/\/www.sectionclinique-rennes.fr\/nuevo\/wp-json\/wp\/v2\/pages\/2471","targetHints":{"allow":["GET"]}}],"collection":[{"href":"https:\/\/www.sectionclinique-rennes.fr\/nuevo\/wp-json\/wp\/v2\/pages"}],"about":[{"href":"https:\/\/www.sectionclinique-rennes.fr\/nuevo\/wp-json\/wp\/v2\/types\/page"}],"author":[{"embeddable":true,"href":"https:\/\/www.sectionclinique-rennes.fr\/nuevo\/wp-json\/wp\/v2\/users\/5"}],"replies":[{"embeddable":true,"href":"https:\/\/www.sectionclinique-rennes.fr\/nuevo\/wp-json\/wp\/v2\/comments?post=2471"}],"version-history":[{"count":7,"href":"https:\/\/www.sectionclinique-rennes.fr\/nuevo\/wp-json\/wp\/v2\/pages\/2471\/revisions"}],"predecessor-version":[{"id":2888,"href":"https:\/\/www.sectionclinique-rennes.fr\/nuevo\/wp-json\/wp\/v2\/pages\/2471\/revisions\/2888"}],"up":[{"embeddable":true,"href":"https:\/\/www.sectionclinique-rennes.fr\/nuevo\/wp-json\/wp\/v2\/pages\/22"}],"wp:attachment":[{"href":"https:\/\/www.sectionclinique-rennes.fr\/nuevo\/wp-json\/wp\/v2\/media?parent=2471"}],"curies":[{"name":"wp","href":"https:\/\/api.w.org\/{rel}","templated":true}]}}